prime?
True
Is 637604657 a composite number?
False
Is 6146923 a composite number?
False
Is 4143739 a composite number?
True
Is 66696451 a composite number?
False
Is 67993 composite?
False
Is 13581613 composite?
False
Is 50317691 a composite number?
False
Is 1596947 prime?
False
Is 42020267 composite?
True
Is 23132353 composite?
True
Is 11817629 a composite number?
False
Is 268346051 a composite number?
False
Is 179628079 a prime number?
True
Is 71338513 a composite number?
True
Is 12375677 composite?
True
Is 11665309 a composite number?
False
Is 1727437 composite?
False
Is 181308299 a composite number?
True
Is 3304441 a prime number?
False
Is 16412311 a composite number?
True
Is 10281259 a prime number?
True
Is 845515883 a composite number?
True
Is 4800487 a composite number?
False
Is 28316401 a composite number?
True
Is 12581827 a prime number?
True
Is 400823 a composite number?
False
Is 398011 prime?
True
Is 4891429 prime?
True
Is 1851001 a composite number?
True
Is 3133079 prime?
False
Is 14385773 a prime number?
True
Is 23447 a prime number?
True
Is 453331477 a prime number?
True
Is 53704487 composite?
True
Is 2600149 composite?
True
Is 6251731 composite?
False
Is 129418537 prime?
True
Is 33547786 a composite number?
True
Is 182987113 a prime number?
False
Is 87774703 a composite number?
False
Is 13680851 composite?
True
Is 440280998 a prime number?
False
Is 1976426053 a composite number?
True
Is 2843941 prime?
True
Is 13691091 a prime number?
False
Is 3138197 a composite number?
True
Is 9249991 a composite number?
True
Is 9399469 a composite number?
True
Is 41369117 composite?
True
Is 2765513 composite?
False
Is 24948173 composite?
False
Is 5745731 prime?
True
Is 364916567 composite?
False
Is 72269 a prime number?
True
Is 22511609 composite?
False
Is 39374266 prime?
False
Is 141041401 a composite number?
True
Is 196219937 a composite number?
False
Is 137183765 a composite number?
True
Is 15966683 prime?
False
Is 13641587 a prime number?
False
Is 26892422 a prime number?
False
Is 82223419 composite?
False
Is 52259689 composite?
True
Is 10520437 prime?
False
Is 60403891 a composite number?
False
Is 634333 composite?
True
Is 117522463 composite?
False
Is 30683851 a prime number?
False
Is 51676397 composite?
False
Is 7367141 prime?
True
Is 337771869 a prime number?
False
Is 10376291 composite?
False
Is 233458313 a composite number?
True
Is 2234303 prime?
True
Is 6199901 a composite number?
True
Is 2901919 composite?
False
Is 437191 prime?
True
Is 793389 a composite number?
True
Is 288872917 composite?
False
Is 21809 a prime number?
False
Is 33235577 a composite number?
True
Is 6282273 a prime number?
False
Is 62593171 a prime number?
False
Is 11571689 a prime number?
True
Is 995359 prime?
False
Is 1017637897 a prime number?
True
Is 43884957 a composite number?
True
Is 17608033 composite?
True
Is 6609209 a prime number?
False
Is 11701721 a prime number?
True
Is 2726309 prime?
False
Is 269063 prime?
True
Is 51474367 prime?
False
Is 22014163 prime?
False
Is 9903711 a composite number?
True
Is 187066273 composite?
False
Is 6403802 prime?
False
Is 46922569 prime?
True
Is 8676287 a composite number?
False
Is 21391187 a composite number?
False
Is 48742783 prime?
False
Is 457976239 prime?
False
Is 4264049 a prime number?
True
Is 14912351 a composite number?
True
Is 8010055 composite?
True
Is 7936139 a prime number?
True
Is 675749089 a composite number?
True
Is 7634213 a prime number?
False
Is 43099283 composite?
False
Is 3985181 prime?
True
Is 40663957 a prime number?
True
Is 1265041871 composite?
False
Is 63569 composite?
True
Is 70006883 composite?
False
Is 542821 a prime number?
True
Is 148790597 a composite number?
False
Is 238827211 a prime number?
False
Is 111678715 composite?
True
Is 8335807 prime?
False
Is 11401549 prime?
True
Is 129542593 composite?
False
Is 9108061 a prime number?
True
Is 37998035 prime?
False
Is 1240153 a prime number?
True
Is 25600331 a prime number?
False
Is 3172093 a composite number?
False
Is 80027 a prime number?
False
Is 594977 composite?
False
Is 3286949 prime?
False
Is 268637483 a composite number?
True
Is 66535519 a composite number?
False
Is 778178363 a composite number?
False
Is 2786741 composite?
False
Is 21930967 prime?
False
Is 21893987 a composite number?
False
Is 7601947 prime?
True
Is 59338369 composite?
False
Is 628289 a prime number?
True
Is 7549121 prime?
True
Is 589996801 composite?
False
Is 7252538 a composite number?
True
Is 357229 a composite number?
False
Is 7197923 composite?
False
Is 5782873 a composite number?
True
Is 3047909 a prime number?
True
Is 4193821 a prime number?
False
Is 2215908467 a composite number?
False
Is 49029083 prime?
False
Is 569173973 composite?
False
Is 7013417 a composite number?
True
Is 9649991 a prime number?
False
Is 43620613 prime?
True
Is 366847 a composite number?
True
Is 383267 prime?
True
Is 125395799 a composite number?
True
Is 19725523 a prime number?
False
Is 15919643 a prime number?
False
Is 434614 a prime number?
False
Is 158263318 a composite number?
True
Is 33227 a composite number?
True
Is 37335835 a prime number?
False
Is 1517803 a prime number?
False
Is 564127 composite?
False
Is 60547367 a prime number?
True
Is 1963157 a composite number?
True
Is 89640742 a prime number?
False
Is 2175629 prime?
True
Is 23780671 prime?
False
Is 587911 a composite number?
True
Is 9646849 composite?
True
Is 20738239 a prime number?
True
Is 21258563 a composite number?
False
Is 326842401 prime?
False
Is 11836931 a prime number?
False
Is 14102509 composite?
False
Is 15806851 prime?
True
Is 553723 a composite number?
True
Is 123697207 composite?
True
Is 587827689 a composite number?
True
Is 28316501 a composite number?
False
Is 28862857 composite?
False
Is 494615669 a prime number?
True
Is 210305497 composite?
False
Is 749093 a composite number?
False
Is 40669726 composite?
True
Is 2758141 prime?
True
Is 163621457 composite?
False
Is 64692011 prime?
False
Is 802374107 composite?
False
Is 30673141 a composite number?
False
Is 8117413 prime?
False
Is 6126203 composite?
False
Is 775063577 prime?
True
Is 24204457 prime?
True
Is 267783 composite?
True
Is 14495189 composite?
False
Is 4106227 a composite number?
False
Is 42407063 composite?
False
Is 229672477 composite?
False
Is 8264869 prime?
True
Is 124691587 a prime number?
True
Is 67596853 prime?
True
Is 10984511 a prime number?
False
Is 14165 prime?
False
Is 1011577 a prime number?
False
Is 60303077 a prime number?
False
Is 35800277 prime?
False
Is 12771679 a prime number?
True
Is 455410951 a composite number?
True
Is 2916059 prime?
True
Is 121812713 a prime number?
False
Is 17306591 prime?
False
Is 7913657 prime?
True
Is 957851 a composite number?
False
Is 4896377 a prime number?
True
Is 22853319 a prime number?
False
Is 29157605 a prime number?
False
Is 3845615 a composite number?
True
Is 929941 prime?
True
Is 1091969 composite?
True
Is 120555219 composite?
True
Is 314899 composite?
True
Is 292301 prime?
True
Is 5368037 a composite number?
False
Is 8105633 a composite number?
False
Is 1438477 composite?
False
Is 46202857 a composite number?
True
Is 240758123 composite?
True
Is 7513039 prime?
True
Is 210230849 prime?
False
Is 515471 a prime number?
False
Is 184128965 a prime number?
False
Is 291719 a prime number?
False
Is 997361597 a composite number?
False
Is 4229333 a composite number?
True
Is 32490391 composite?
False
Is 7138403 prime?
False
Is 94379 composite?
False
Is 13900097 prime?
True
Is 128134373 composite?
False
Is 12577879 composite?
False
Is 8930549 prime?
True
Is 5242801 a prime number?
True
Is 5653237 prime?
True
Is 1629119 a prime number?
True
Is 26695579 a prime number?
True
Is 1730733545 a prime number?
False
Is 592349993 prime?
True
Is 1480459 composite?
False
Is 54900641 a prime number?
False
Is 52580569 composite?
False
Is 5776579 a prime number?
True
Is 65028131 a composite number?
True
Is 7062149 composite?
False
Is 24731507 prime?
True
Is 1456557 composite?
True
Is 124753049 a prime number?
True
Is 4618963 prime?
False
Is 4198498 a composite number?
True
Is 73071259 a composite number?
True
Is 16417697 a composite number?
True
Is 446119051 a composite number?
True
Is 5159431 a prime number?
False
I